ommon divisor of 90 and 420319602.
18
Calculate the highest common divisor of 12785 and 71560.
5
Calculate the greatest common divisor of 13 and 7932781.
1
What is the greatest common divisor of 1 and 151572523?
1
Calculate the highest common divisor of 7066206 and 252.
126
Calculate the greatest common divisor of 77341390 and 70.
70
Calculate the highest common divisor of 655347854 and 8036.
4018
What is the highest common divisor of 4 and 12851812?
4
Calculate the highest common factor of 1820 and 2564900.
260
Calculate the greatest common factor of 3237115 and 10.
5
Calculate the highest common divisor of 3059470490 and 10.
10
Calculate the greatest common factor of 97956 and 13878.
54
Calculate the greatest common factor of 3710093 and 47801.
3677
What is the greatest common divisor of 2386748 and 46228?
364
What is the highest common factor of 1373729 and 147?
7
What is the highest common factor of 23838247 and 2005?
401
Calculate the greatest common factor of 268478007 and 942.
471
What is the highest common divisor of 110812890 and 30?
30
What is the greatest common divisor of 10798006 and 48544?
3034
What is the greatest common factor of 8350 and 7216070?
1670
Calculate the greatest common factor of 27568764 and 51.
51
Calculate the greatest common factor of 29889 and 5542749.
3321
Calculate the highest common factor of 14109349 and 1286.
643
What is the highest common factor of 34146 and 335034?
126
What is the highest common factor of 4781755 and 117359?
2497
Calculate the greatest common divisor of 62264084 and 6228.
692
What is the greatest common factor of 1178811 and 10963?
577
What is the highest common divisor of 830636564 and 35330?
7066
What is the greatest common factor of 375552870 and 10?
10
What is the highest common divisor of 15451183 and 121?
11
What is the highest common divisor of 15862575 and 75?
75
What is the highest common factor of 8133868 and 355750?
2846
Calculate the greatest common factor of 801944813 and 4297.
4297
What is the greatest common divisor of 18590 and 3874663?
169
What is the greatest common factor of 170880 and 468480?
1920
What is the highest common factor of 4797165 and 15?
15
Calculate the greatest common divisor of 16348 and 61183.
61
What is the highest common divisor of 1828 and 6476147?
457
Calculate the greatest common factor of 657555 and 708.
177
Calculate the highest common factor of 290 and 12616595.
145
Calculate the greatest common factor of 12732377 and 59.
59
Calculate the greatest common factor of 19178594 and 51658.
2246
Calculate the greatest common factor of 1711538 and 244.
122
Calculate the highest common factor of 359807596 and 4.
4
Calculate the highest common divisor of 16259923 and 106.
53
What is the highest common factor of 9200 and 2229275?
575
What is the greatest common divisor of 29475 and 165586620?
1965
What is the greatest common factor of 1 and 18507409?
1
What is the greatest common factor of 803935 and 36190?
2585
What is the greatest common factor of 815175 and 195?
15
What is the greatest common divisor of 3013023 and 43953?
897
Calculate the highest common divisor of 391472 and 1392.
16
What is the highest common factor of 3237130 and 211640?
4810
Calculate the greatest common factor of 368662500 and 725.
725
What is the highest common divisor of 755076 and 9696?
1212
What is the greatest common factor of 1134941 and 43697?
1181
What is the greatest common divisor of 156816 and 5580?
36
Calculate the highest common divisor of 3932 and 44504342.
1966
Calculate the greatest common factor of 666657036 and 27432.
4572
Calculate the highest common divisor of 1196 and 14123426.
46
Calculate the highest common divisor of 16449429 and 4065.
813
What is the highest common divisor of 2408 and 53795868?
28
Calculate the greatest common divisor of 9991150 and 3800.
950
Calculate the highest common divisor of 1115 and 3857677.
223
Calculate the highest common divisor of 172225 and 96031.
83
Calculate the highest common factor of 617592064 and 1340.
268
Calculate the highest common factor of 69625 and 2473000.
125
What is the highest common factor of 629158134 and 102?
102
Calculate the highest common factor of 8027695 and 195.
65
Calculate the greatest common divisor of 7909096 and 65.
13
Calculate the greatest common divisor of 759 and 37054974.
33
Calculate the highest common divisor of 425 and 476731.
17
Calculate the highest common divisor of 692380 and 12935.
65
What is the greatest common factor of 54 and 72818703?
27
What is the highest common factor of 3146015 and 10?
5
What is the greatest common divisor of 676795289 and 3086?
1543
Calculate the greatest common divisor of 12353 and 3239995.
11
What is the greatest common factor of 3256 and 209462957?
407
Calculate the greatest common divisor of 21171780 and 28.
28
Calculate the highest common factor of 1781940 and 1200.
60
What is the highest common factor of 1855 and 1267283?
53
What is the highest common divisor of 4224 and 40347648?
4224
What is the highest common divisor of 189 and 8629488?
63
Calculate the greatest common factor of 12914 and 286176.
22
What is the highest common factor of 41088 and 2384816?
1712
Calculate the greatest common factor of 161686 and 7.
7
What is the greatest common factor of 1039 and 2639705219?
1039
Calculate the highest common factor of 324120 and 12570.
30
What is the greatest common divisor of 152082 and 811530?
1278
Calculate the greatest common factor of 36003872 and 368.
16
Calculate the highest common factor of 99 and 71962869.
33
Calculate the highest common factor of 46612 and 53116.
1084
Calculate the highest common factor of 225 and 13950675.
225
Calculate the greatest common factor of 6630 and 1284972.
78
Calculate the highest common factor of 15276 and 2510691.
201
What is the highest common factor of 540630 and 3870?
90
Calculate the highest common factor of 48244544 and 128.
64
Calculate the highest common factor of 11736 and 2812526532.
5868
Calculate the greatest common factor of 4507791 and 141.
3
Calculate the greatest common factor of 516 and 110553.
129
What is the greatest common divisor of 5720 and 352608256?
1144
What is the highest common divisor of 35921589 and 66?
33
What is the greatest common factor of 176448100 and 14092?
1084
What is the highest common divisor of 1757985 and 255?
15
What is the greatest common factor of 182692 and 44?
4
Calculate the highest common divisor of 10 and 2935690.
10
Calculate the greatest common divisor of 57 and 30855449.
19
What is the highest common divisor of 7929 and 16574253?
2643
Calculate the greatest common divisor of 26400 and 7925.
25
What is the greatest common divisor of 182031 and 348693?
141
What is the highest common divisor of 39946399 and 61?
61
Calculate the greatest common factor of 581463 and 243.
9
What is the greatest common divisor of 779335662 and 259?
259
Calculate the highest common divisor of 12791044 and 909.
101
What is the highest common divisor of 15 and 1359741795?
15
Calculate the highest common factor of 361 and 15430451.
19
Calculate the greatest common divisor of 1806 and 74102502.
258
What is the greatest common divisor of 48 and 1483098?
6
What is the greatest common factor of 289864 and 5662?
38
What is the highest common factor of 22002904 and 7765?
1553
What is the greatest common divisor of 888 and 43144?
8
What is the highest common factor of 150248553 and 1911?
1911
What is the highest common factor of 49856 and 2686976?
2624
What is the greatest common factor of 426397635 and 5?
5
Calculate the greatest common factor of 6376384 and 301.
301
Calculate the greatest common divisor of 725 and 392401175.
725
Calculate the highest common divisor of 724860 and 9360.
180
What is the highest common divisor of 7489688 and 888?
296
Calculate the highest common divisor of 365 and 505575808.
73
What is the greatest common divisor of 6910704 and 60048?
432
What is the highest common divisor of 4719 and 11123046?
363
What is the greatest common divisor of 916992 and 18?
18
What is the greatest common divisor of 2006089 and 1299?
433
Calculate the highest common factor of 649 and 1086367.
59
What is the highest common divisor of 342874088 and 2193?
731
Calculate the greatest comm